common divisor of 116 and n?
29
Let g(l) = -l**3 + 5*l**2 + 5*l + 5. Let h be g(5). What is the highest common factor of 10 and h?
10
Suppose 73 + 36 = 4*b - 5*l, -3*b + 78 = -5*l. Calculate the highest common divisor of b and 341.
31
Suppose 0 - 5 = -i. Let r = 12 + 1. Let h = r - i. Calculate the greatest common divisor of 12 and h.
4
Let u = -9 + 16. Suppose 2*j = -5*k - 13, 8*k = -j + 3*k + 1. Let a(v) = -v. Let p be a(j). Calculate the greatest common divisor of p and u.
7
Let b(i) = i**3 - i + 5. Let h be b(0). Suppose -77 - 147 = -4*u. Suppose h*k - 64 = u. What is the greatest common factor of k and 6?
6
Let c be 3 - (-3 - (3 - 5)). Suppose 46 = 6*m - 3*m - 5*g, -2*m + c*g + 34 = 0. Calculate the highest common factor of 77 and m.
7
Suppose 0 = -5*c + 6 + 4. Suppose -6 = -q - c*n, 0*q + 22 = -3*q + 2*n. Let y be 65 + 2/q*2. Calculate the greatest common factor of y and 8.
8
Let k = 105 + -75. Suppose 116 = 2*p - 5*o, -3 = o + 1. Suppose -2*g = -6*g + p. Calculate the highest common factor of k and g.
6
Let w(y) = 10*y - 1. Let l be w(1). Let m = 10 - 6. Suppose 0 = m*v - 6*v + 54. Calculate the highest common divisor of l and v.
9
Suppose 3*h - 37 - 2 = 0. Let q = 21 - h. Suppose -22 = -3*y + 98. What is the highest common divisor of q and y?
8
Let c be (-740)/(-28) - (-6)/(-14). Suppose 0 = n + 5*p + 8, -5*n - 13 = -3*p + p. Let f be 65/n*6/(-2). What is the greatest common factor of c and f?
13
Let s(h) = h**2 + 7*h + 6. Let c be s(-6). Let m(g) = g + 41. Let b be m(c). Let f = b - -19. What is the greatest common divisor of 15 and f?
15
Let j = 122 + -86. What is the greatest common factor of 9 and j?
9
Suppose -5*g = -15, g + 3*g + 48 = 5*p. Let h = -28 - -88. What is the highest common factor of h and p?
12
Suppose -5*l + 109 = -251. Calculate the highest common divisor of l and 24.
24
Let v(d) = 14*d**3. Let a(g) = -2*g**2 - 3*g - 2. Let l be a(-2). Let j = l + 5. Let i be v(j). Calculate the highest common divisor of i and 56.
14
Let f be 2*(1 - -39*1). Let u = 46 + -30. Suppose -3*l + 4*l - u = 0. Calculate the greatest common factor of l and f.
16
Let b(s) = s**2 - 2*s - 1. Let v be b(2). Let o = v + 8. Let m(c) = c - 2. Let n be m(o). Calculate the greatest common divisor of n and 2.
1
Let a = 43 - -254. What is the highest common factor of a and 33?
33
Let w = -382 - -646. Calculate the greatest common divisor of w and 24.
24
Let n(u) = -7*u + 2. Let o be n(-6). Let h(b) = b**2 + 10. Let r be h(0). Suppose 2*g + 2 - r = 0. Calculate the greatest common factor of g and o.
4
Suppose -g - 63 = -10*g. Calculate the greatest common factor of g and 49.
7
Suppose 0 = 5*l - 5*r, 0*r = 4*l - 3*r. Let g = l - -7. Suppose -g*s + 3*s = -448. What is the greatest common factor of s and 14?
14
Let r = 28 + 4. Calculate the highest common divisor of 8 and r.
8
Let h(g) = g**3 + 5*g**2 - 2*g - 6. Let v be h(-5). Calculate the greatest common factor of 28 and v.
4
Let q be 106/4 - (-30)/(-20). What is the greatest common factor of q and 10?
5
Let r be 3*17 - (-12)/(-6). Let d(q) = q**3 + 4*q**2 - 2*q - 1. Let b be d(-4). What is the greatest common divisor of r and b?
7
Let b be 2/3 + (-1356)/36. Let r = -22 - b. Calculate the highest common factor of 45 and r.
15
Let h(w) = 4*w**3 - 3*w**2 + 6*w. Let i be h(3). Calculate the highest common divisor of 9 and i.
9
Suppose 2*d + 0*s - 28 = 2*s, 0 = -3*s. Let n = 2 + 0. Calculate the greatest common factor of d and n.
2
Let b(q) = q**2 - 2*q - 23. Let v be b(-5). Calculate the greatest common divisor of v and 18.
6
Let o(t) = t**2 + 14*t - 6. Let y be o(-13). Let j = 21 - y. What is the greatest common divisor of 5 and j?
5
Let w = -2 - -5. Let i = w + -1. Suppose 0 = i*a - 93 - 51. What is the highest common divisor of 9 and a?
9
Let l(u) = -3*u**2 - u - 1. Let a be l(9). Let h = a + 373. What is the greatest common divisor of h and 24?
24
Suppose 0 = -6*k + 46 + 134. What is the highest common factor of k and 45?
15
Let j = 129 - 115. Calculate the highest common factor of j and 238.
14
Let p be (24/(-10))/((-2)/15). Let a = p + 10. What is the greatest common divisor of 252 and a?
28
Let t = -31 + 75. What is the highest common divisor of 4 and t?
4
Let m be (-1 + -2)/(3/58). Let v = 82 + m. Let b = -17 + 33. What is the highest common factor of b and v?
8
Let t be 3*(4/(-12) + 4). Let p be (-3*1)/(-3)*-23. Let y be (1 + p)*(-6)/4. What is the greatest common divisor of y and t?
11
Let f = 59 + -56. Calculate the highest common divisor of 51 and f.
3
Let f be -1 + -6*(-1)/2. Suppose 0 = 5*w - f*w. Suppose 5*y + 114 - 389 = w. What is the highest common divisor of 5 and y?
5
Let p(l) = l**3 + 9*l**2 + l + 4. Let b be p(-7). Calculate the highest common divisor of b and 38.
19
Let w = -12 + 268. What is the greatest common factor of w and 32?
32
Let v(d) = d - d - 6*d. Let y be v(-2). Suppose -37 = -7*u + 131. Calculate the highest common factor of y and u.
12
Suppose 3*w = -5*g + 33, -g = 3*w + 2*w - 11. Let t(c) = -c**3 + 8*c**2 + 8. Let p be t(g). Calculate the greatest common divisor of p and 10.
10
Suppose -r = -1 + 17. Let n be (1 + -32*1)*-1. Let j = r + n. Calculate the greatest common divisor of 135 and j.
15
Let y be 1955/17 + 3*-1. What is the highest common divisor of 28 and y?
28
Suppose -d + 42 = d. What is the highest common divisor of 189 and d?
21
Suppose -6*j = -25 - 11. Let f = 22 - -2. What is the highest common factor of j and f?
6
Suppose f + 6 = -4*h + 59, 4*h - 5*f = 47. Let t = 164 - 60. Suppose 5*l - 78 = -3*a + 3*l, 0 = -4*a - 2*l + t. What is the highest common factor of a and h?
13
Suppose 0*n = -3*n - 2*p + 1, -4*p = -4*n + 28. Calculate the greatest common divisor of n and 1.
1
Let x(n) be the first derivative of -3*n**2/2 - 4*n - 1. Let v be x(-4). What is the greatest common divisor of 4 and v?
4
Let p(t) = -2*t + 1. Let k be p(-3). Suppose -k = -a - 6. Let o be (-35 - a)*3/(-6). What is the highest common factor of 6 and o?
6
Suppose -4*n + 29 + 19 = 0. Suppose -w = -5*w. Let f = 4 - w. What is the greatest common factor of n and f?
4
Let k = 34 - 4. Suppose g - k = -0. What is the highest common factor of 12 and g?
6
Suppose -4*c - 5*l = -2*l - 2038, -4*l = -4*c + 2024. Suppose 4*k = -188 + c. Let h = -15 + k. Calculate the greatest common divisor of 26 and h.
13
Suppose -42 = -3*o + 5*a, -4*o + 3*a + 86 = o. Suppose 3*v - v + 2 = 0. Let l be ((-19)/(-2))/(v/(-2)). Calculate the highest common divisor of l and o.
19
Suppose h + 8 = 5*h. Let u = h - -13. Calculate the greatest common divisor of 6 and u.
3
Let f(c) = -c + 40. Let q be f(22). Calculate the highest common divisor of 72 and q.
18
Let n(o) = -o**3 - o**2 + 9. Suppose 5*i = -5*p + 2*i - 12, -5*p = 4*i + 16. Let a be n(p). Calculate the highest common divisor of a and 9.
9
Let k = 5 - 1. Let j be ((-3)/(-1))/(72/672). Calculate the highest common factor of j and k.
4
Suppose -4*b + 28 = -60. Let t(l) = -89*l**3 - l**2 - l - 1. Let x be t(-1). What is the highest common divisor of b and x?
22
Suppose -r = -2*o - 307, -2*o - 2*o = -4*r + 1208. Calculate the highest common divisor of 27 and r.
27
Suppose 4*o - 179 + 35 = 0. Calculate the highest common factor of 9 and o.
9
Let u(z) = 3*z - 24. Let q be u(12). Let j = -6 - -11. Let y(a) = a**2 + a. Let t be y(j). Calculate the greatest common factor of q and t.
6
Let a = 51 - 43. Calculate the highest common factor of a and 32.
8
Let f = 17 - 11. What is the greatest common factor of 24 and f?
6
Let y = 6 + -3. Suppose 0 + 6 = y*w. Suppose -m = 5*n - 197, -45 = -n + w*m - 10. What is the highest common factor of 13 and n?
13
Let g = 19 - -26. Let w = g - 24. Calculate the highest common divisor of 14 and w.
7
Let f(r) = -r**3 - r**2 - 6*r - 1. Let g be f(-2). What is the greatest common divisor of g and 60?
15
Let i = 20 + 5. Calculate the greatest common factor of 225 and i.
25
Suppose 0 = -5*m - 65 - 20. Let k = m - -26. Let l = 20 - k. What is the greatest common divisor of l and 99?
11
Suppose a + j = 5*j - 1, 0 = -a + 3*j + 3. Let v(y) = -8*y - 41. Let h be v(-7). What is the highest common divisor of h and a?
15
Let c(s) = s**3 - 6*s**2 + 3*s. Let z be c(4). Let h = z - -76. Suppose 191 = 3*w - g, -h = -w + 2*g + 6. Calculate the highest common